(u) = u**3 - 6*u**2 + 3*u - 4. Let m be x(7). Suppose -m = -z + 27. What is the tens digit of z?
9
Suppose -s - 5 = u, 2*u + 3 - 5 = 4*s. Let g(o) = 17*o**2 + 4. Let q be g(u). Suppose -2*y + q = -5*l, -92 = -y - 5*l - 21. What is the units digit of y?
6
Suppose 0 = 11*k - 9*k - 344. Let o = k - 91. What is the units digit of o?
1
Let x be 6 + 4/2 - 2. Let s be (-381)/(-15) + x/(-15). Suppose -5*v - s + 125 = 0. What is the units digit of v?
0
Let n(j) = 196*j**2 - 12*j - 14. What is the hundreds digit of n(-3)?
7
Suppose 5*h + 2742 = 7*a - 4*a, -2*a + 3*h + 1827 = 0. What is the units digit of a?
9
Let r(k) = 8*k + 1. Let v be r(1). Let c be 5/(15/v) + -2. What is the tens digit of 508/16 + c/4?
3
Let f(v) = -1 + 59*v - 46*v + 11*v**2 + 7 + v**3. What is the tens digit of f(-9)?
5
Let s be ((-14)/(-21))/(1/381). Suppose s = 3*r - 2*r. What is the units digit of r?
4
Suppose 5*w - w - 2*l = 500, 238 = 2*w - 4*l. What is the tens digit of w?
2
What is the thousands digit of (-52672)/(-36) + 80/90?
1
Suppose 1072 = 6*w + 220. What is the hundreds digit of w?
1
Suppose -4*m + 32 = 4*m. Suppose 2*w = -2, 0 = -2*a + w + m*w + 9. What is the units digit of a?
2
Let x = 3353 - -561. What is the thousands digit of x?
3
Suppose 0 = 2*r - i - 35, i = r + 2*i - 25. Let p(t) = t**3 - 20*t**2 + 4*t - 52. What is the units digit of p(r)?
8
Let v = -24 - -24. Suppose -3*k + v + 48 = 0. What is the tens digit of k?
1
Let v be ((-2)/(-4))/((-2)/(-316)). Let m be 10/(-65) - 335/(-65). Suppose 3*y = 3*w - w - v, -5*w - m*y = -135. What is the tens digit of w?
3
Suppose 5*l = -0*l + 15. Suppose -3*r + 5*n + 243 = 0, -l*r - 2*n + 219 = n. Suppose -2*d + 56 = 3*b, b + d = 6*b - r. What is the tens digit of b?
1
Suppose -17*l + 12*l - 25 = 0. Let a be l/20 + (-30)/8. Let w(z) = -z**3 - 4*z**2 - 7*z - 6. What is the units digit of w(a)?
2
Suppose -g - 2*q + 673 = 0, g - 638 = 14*q - 9*q. What is the tens digit of g?
6
Let u(z) = -z**3 + 19*z**2 + 15*z - 45. Let w be u(18). Suppose -4*d + 732 = -b, 5*d - 2*d - w = -2*b. What is the units digit of d?
3
Let c(a) = a**3 - 7*a**2 + 9*a - 15. Let m be c(6). Suppose m*p + 368 = 5*p. What is the hundreds digit of p?
1
Let k be -23 + -1 + (-6 - -10). Let a = k - -22. What is the tens digit of a*-2*(2 - 8)?
2
Let r = -17 + 15. Let d be (7 + r)*(-3)/(-3). What is the units digit of 346/10 - (-2)/d?
5
Suppose -17*q - 1474 = -42172. What is the tens digit of q?
9
Let v = 299 + 215. What is the hundreds digit of v?
5
Suppose 4*d - 4*w = -d + 2417, -965 = -2*d + w. What is the units digit of d?
1
Let f(d) = d**3 + 2. Let h be f(-2). Let b = 29 - h. Suppose 4*g - 5 - b = -2*i, 4*g = 2*i - 64. What is the tens digit of i?
2
Suppose -g - 999 = -2942. What is the units digit of g?
3
Let f = -345 + 1316. What is the hundreds digit of f?
9
Let r(j) = 3*j + 2. Let c be 140/18 - (-8)/36. What is the tens digit of r(c)?
2
Let c(x) = -13*x**3 + 7*x**2 + 7*x - 18. What is the units digit of c(-3)?
5
Let q(k) = 20*k - 2. Let o be q(-1). Let z be (6/4)/((-3)/o). Suppose b - 8 - z = 0. What is the units digit of b?
9
Let p = 8 + -8. Suppose -6*z + 132 = -p*z. Let q = 1 + z. What is the tens digit of q?
2
Let q be 8/52 - (-4656)/(-13). Let g = -211 - q. What is the hundreds digit of g?
1
What is the tens digit of -8 + 7551/9 + -4?
2
What is the hundreds digit of (10/(-8) - -1)/(12/(-10992))?
2
Suppose 4*s = -4 + 620. Suppose 4*z + 2 = s. Suppose 2*d = d + z. What is the tens digit of d?
3
Let q = -508 + 2180. What is the units digit of q?
2
Suppose -7*l - 10*l = -19210. What is the tens digit of l?
3
Let h be 0/(-4 - (-2 - 0)). Let r be (-3 + 2)*3/(3/(-53)). Suppose -5*l + 157 + r = h. What is the tens digit of l?
4
Suppose 143*f - 135*f - 14592 = 0. What is the units digit of f?
4
Let b = 23 - 21. Suppose b*q - q = 60. Suppose -2*l - 118 = -4*u + q, 3*u - 126 = -l. What is the tens digit of u?
4
Let a be 4 + (-4 - 1) + 3. Suppose 137 + 32 = a*v - 5*u, v + 5*u = 62. What is the tens digit of v?
7
Let f = -66 + 40. Let i = f + 48. What is the tens digit of i?
2
Let c(x) be the second derivative of -5*x**3/6 - 7*x**2/2 + 11*x. Let l be c(-6). Let k = 47 - l. What is the tens digit of k?
2
Suppose 3*q - 5 = u, -2*u + 10 = -0*q - 2*q. Suppose u*k = 5*k + 505. What is the hundreds digit of k?
1
Let x = 3841 + -1862. What is the tens digit of x?
7
What is the thousands digit of 11180960/3780 + (-4)/(-54)?
2
Let u(a) = a**3 + 4*a**2 + 6*a + 6. Let y be u(-5). Let i = y + 95. What is the units digit of i?
6
Suppose -4*t = -5*s - 11, -2*t + 9 = s - 0. Let p be (5/(-4))/((-3)/12). Suppose -d = -5*y + 6, p*y = 2*d - t*d + 18. What is the units digit of d?
4
Let d be ((-4)/(20/25))/(1/4). Let z = -19 - d. What is the units digit of z?
1
Let a = -293 - -511. What is the tens digit of a?
1
Suppose 9 = y - 149. Suppose -3*p + 360 = 4*n, -4*n = -4*p - 230 - y. What is the tens digit of n?
9
Suppose -j - 428 = -2*b, -3*b - j = -826 + 179. Suppose -135 = -2*z + b. Let w = z + -121. What is the tens digit of w?
5
Let r(p) be the second derivative of 2*p + 1/2*p**3 + 0 - 1/2*p**2 + 1/12*p**4. What is the tens digit of r(3)?
1
Let c = 12 - 15. Let f(b) = -b**3 + 4*b**2 + 3*b - 4. Let m be f(c). Let h = -29 + m. What is the tens digit of h?
2
Let p(k) = -76*k**3 - k**2 - 3*k - 3. Let f = -4 + 3. What is the tens digit of p(f)?
7
Suppose -3*u - 2*a = -5582, -25*u + 9303 = -20*u + 3*a. What is the hundreds digit of u?
8
Let u(w) = 80*w**2 + 12*w - 5. What is the units digit of u(4)?
3
Suppose -2*d + h + 272 = 0, 5*d - 5*h - 368 - 322 = 0. Let f = d + -84. What is the units digit of f?
0
Suppose 0 = 5*m - 8*m. Let i = 0 + m. Suppose 4*l + 4*v - 45 - 35 = i, 3*l + 4*v - 60 = 0. What is the units digit of l?
0
Suppose -2*a + 290 = 4*o, 0 = -a - 1. What is the tens digit of o?
7
Let t(l) be the third derivative of l**6/15 - l**5/30 + l**4/12 - l**3/6 - 8*l**2. Let v be t(1). Suppose 0 = -2*r + v*r - 110. What is the tens digit of r?
2
Let b(i) be the third derivative of 7*i**6/180 - i**5/20 + 11*i**4/24 - 7*i**2. Let m(w) be the second derivative of b(w). What is the tens digit of m(2)?
5
What is the thousands digit of (-3)/2*(-71630)/39?
2
Let y(g) = 22*g + 1. Let i be y(4). Suppose 178 = 3*l - i. What is the tens digit of l?
8
Let i(p) = 6*p**2 - 4*p - 20. Let s be i(5). Suppose 109*g = s*g - 220. What is the units digit of g?
0
Let g(c) = 25*c**2 - 6*c + 3. Let h be g(4). Suppose -5*b = d - 0*d - h, 3*d + 2*b - 1189 = 0. What is the tens digit of (-5)/15 + d/9?
4
Suppose 0*f = f. Suppose -4*g + 3*o = 5*o - 20, 3*o = f. Suppose 1 - 3 = -q - 4*x, -10 = -g*q - 2*x. What is the units digit of q?
2
Let l(q) = 24*q**2 + 4*q + 5. Let w be l(-1). Let t = 52 - w. What is the units digit of t?
7
Let t(c) = -c**3 + 10*c**2 + 3*c + 18. What is the hundreds digit of t(9)?
1
Suppose 0 = -23*a + 27*a - 68. What is the units digit of a?
7
Let w(t) = -t**2 + 7*t + 3. Let r be w(7). Let p be 0*(-6 + r)/(-3). Suppose -2*k + 32 = -p*k. What is the units digit of k?
6
Suppose 0 = 17*a - 14*a + 138. Let w = a - -60. What is the tens digit of w?
1
Let j = 722 + -212. What is the units digit of j?
0
Let v(u) = -108*u**2 + 2*u - 1. Let w(i) = 107*i**2 - i + 1. Let y(c) = 4*v(c) + 5*w(c). What is the hundreds digit of y(-1)?
1
Let z(x) = 6*x**2 + 3*x**2 - 4*x**2 + 8 - 6*x - 4*x**2. Let i be ((-7)/(-4))/(1/4). What is the units digit of z(i)?
5
What is the units digit of 2 - 30090/(-20) - (-4)/(-8)?
6
Suppose z + 6 = 2*h, z + 2*h - 10 = 4*z. Let c be 3 - (0 - z) - 5. What is the units digit of (2/(-6))/(c/12)?
1
Suppose -3*k + 192 - 21 = 0. What is the units digit of k?
7
Let k(h) = 2*h**3 + 20*h**2 + 13*h - 2. Suppose -5*c = 3*s + 42, 2*c - 4*c = -s + 19. What is the units digit of k(c)?
3
Let z be ((-80)/(-4))/(4/2). Suppose 5*l = q + 2, 0 = 4*q - 5*l + z - 2. Let n = q + 8. What is the units digit of n?
6
Let s(f) = 2 + 39*f**2 - 9*f**2 - 10*f**2 + 23*f**2. What is the units digit of s(1)?
5
Suppose 2*l - i - 184 = 0, l = 6*l - 5*i - 470. Let x = l - 45. What is the tens digit of x?
4
Let h(p) = -3*p**2 + 5 - 2*p**3 - 3*p**2 + 23*p - 32*p + 4*p**3. What is the hundreds digit of h(6)?
1
Let j(f) = 5*f**2 - 5*f + 4. Let p be 3/5 - 10/(-25). Let n(c) = 2*c**2 + 2*c. Let o be n(p). What is the